0
Let d(a) = -4*a**3 + a**2 - a - 1. Let s(u) = 12*u + 2. Let n be s(-3). Suppose 1139*o = 1156*o + 595. Let p = o - n. Calculate d(p).
5
Let t(l) be the second derivative of -l**5/20 + 7*l**4/12 - 5*l**3/6 + 5*l**2 + l. Let s be 4 + (-9)/(-4 + 5) + 12. Give t(s).
-25
Let k(o) = -o + 34. Let g be 32 + -35 - -29*1. Let a be k(g). Let n(b) = -b**3 + 8*b**2 - b + 2. Calculate n(a).
-6
Let w(n) = -5*n**2 - 23*n - 118. Let l(z) = 2*z**2 - 3*z + 4. Let v(x) = 3*l(x) + w(x). Give v(35).
-1
Let a(h) = h**2 - 25*h - 77. Let s = 13288 - 13291. Determine a(s).
7
Let l(a) be the third derivative of a**4/8 - a**3/2 - 4*a**2. Let b be (2/(-6)*4)/((-18)/(-135)). Let v(k) = -k - 14. Let m be v(b). Give l(m).
-15
Let s be ((-22)/(-3))/((-20)/90). Let n = s + 39. Let a be n/(-5)*(-40)/12. Let x(g) = g**2 - 4*g - 4. What is x(a)?
-4
Let r(f) be the third derivative of f**6/720 - f**5/30 - 43*f**4/8 - 47*f**2 + 1. Let h(i) be the second derivative of r(i). Give h(-8).
-12
Let t(c) = 5*c**3 - c**2 - 14*c - 15. Let x be t(-1). Let u(j) = -j**3 - 10*j**2 - 10*j - 15. Determine u(x).
-92
Let a = 178 - -376. Let c(l) = -a*l + 276*l + 279*l - l**3. Suppose 0 = 5*j - 2*u, 0*u + 3*u = -5*j - 25. Give c(j).
6
Let o(w) = -12*w - 34. Let k be o(-4). Let y(m) = -m**3 + 13*m**2 + 12*m + 12. Determine y(k).
-16
Suppose -2 = -k + 5*a + 6, a = 2*k - 7. Let p = k + -7. Let q(b) = -2*b + 36. Let g(y) = 2*y + 21. Let n(s) = 2*g(s) - q(s). What is n(p)?
-18
Let j(a) = -130*a + 104*a + 25*a. What is j(2)?
-2
Let a(h) be the first derivative of 2*h**3/3 - 11*h**2/2 - 140*h + 58. Let x(p) be the first derivative of a(p). Calculate x(9).
25
Let o(k) = -3*k**2 + 3*k + 17. Let q be o(3). Let v(i) = -51*i**3 + i**2 - i - 1. Determine v(q).
52
Let t(m) = -117*m - 3049. Let l be t(-26). Let d(j) = -2*j**2 + 5*j - 13. Let w(h) = 3*h**2 - 4*h + 14. Let x(p) = -4*d(p) - 3*w(p). Give x(l).
17
Let z(x) be the third derivative of -35*x**4/24 + 20*x**3/3 + 4*x**2 - 3. Let o(q) = -19*q + 20. Let k(g) = -11*o(g) + 6*z(g). Calculate k(12).
8
Let r(p) = p - 2. Let t(w) = 7*w - 15. Let x(f) = -f**2 - 5*f - 7. Let z be x(-3). Let y(c) = z*t(c) + 6*r(c). Determine y(9).
-6
Let k(f) = f**3 + 15*f**2 - 14*f + 28. Let m be -14 + 2 - (-3)/(12/(-16)). What is k(m)?
-4
Let b(h) = -7*h - 3. Let c(l) be the third derivative of -l**4/8 - 59*l**3/6 - 3*l**2. Let m be c(-18). Calculate b(m).
32
Let n(b) = -2*b**2 + 5*b + 3. Let s = 168 + -164. Suppose 2*r - z - 9 = r, -r = s*z + 16. Determine n(r).
-9
Let l(m) = m**2 - 16*m + 37. Suppose -51*n + 90 = -573. What is l(n)?
-2
Let w(k) = -3*k**3 - k**2 + 1. Let h be w(-1). Let m(d) be the first derivative of 1/2*d**2 - 71 + d. What is m(h)?
4
Let x(i) = i + 1. Suppose -38*y + 86*y + 349 = -131. Determine x(y).
-9
Let f(w) = w**3 + 17*w**2 - 34*w + 14. Let u = 24963 + -24982. Give f(u).
-62
Let z be 88/42 + 54/(-567). Let j be 1 - (z - -1)*(-4 + 1). Let x(p) = -p**2 + 7*p + 1. Give x(j).
-29
Let b(g) = -5*g**2 + 15*g - 1. Let i(q) = -9*q**2 + 29*q - 3. Let h(p) = -11*b(p) + 6*i(p). Let c(m) = -1. Let k(l) = -2*c(l) + h(l). Calculate k(-8).
-13
Let j(k) = -15*k**2 + k + 2. Let q(x) = 16*x**2 - 2*x - 3. Let g(h) = -4*j(h) - 3*q(h). Let w be g(-1). Let c(b) = 20*b + w - 1 - 21*b. What is c(7)?
3
Suppose 10 = -2*z - 5*d, 0 = 169*z - 172*z + 4*d + 31. Let i(k) = 2*k**2 - 13*k + 4. Calculate i(z).
-11
Let j(r) = 6*r + 56. Let y be j(-9). Let k be (y + (-20)/8)/(3/72). Let u be (-5 - 64/k)*-6. Let p(a) = a**3 + a**2 - 3*a - 3. Give p(u).
-1
Let i(n) = n. Let v be i(-6). Let j(w) = -w**2 + w + 379. Let s be j(20). Let f be (-1 - -3)/s*v/(-4). Let c(y) = -5*y. Calculate c(f).
15
Let w(z) be the first derivative of z**4/4 - 7*z**3/3 - 7*z - 132. Suppose 0 = -12*g + 7*g + 35. Calculate w(g).
-7
Let r(w) be the first derivative of w**7/840 - w**6/90 - w**5/60 + w**4/8 + 22*w**3/3 + w**2 - 190. Let h(b) be the third derivative of r(b). Calculate h(3).
-12
Let u be -3*30/27*27/(-15). Suppose -s + 7 = -l, 3*l + 4*s - 21 = u*l. Let a(p) = -p - 4. Determine a(l).
3
Let s be ((-10)/45)/(0 + 3/(-54)). Let w(o) = 4*o + 1. Let n(z) = 2*z. Let t(l) = s*n(l) + w(l). What is t(-2)?
-23
Suppose 4*j - 3 - 13 = 0. Suppose j*a = -0*a. Let m(k) = -15*k**2 - 6 + 7 + k + 0*k + 14*k**2. Calculate m(a).
1
Let l be (-9 + (-450)/(-24))/(15/(-20)). Let i(j) = -2*j - 32. What is i(l)?
-6
Let n(p) = 1 - 2 - 2 + 5 + 152*p - 10 - 151*p. Suppose -28 = -4*g + 4*m, -2*g - 5*m + 22 = 1. Determine n(g).
0
Let l be ((-6)/(2 + -1))/(-1). Suppose 0 = 5*p + 4*z + 6, 5*p - z - 2 = 12. Let r(f) = 0 + f - p + 2 - 7. What is r(l)?
-1
Let v(r) be the first derivative of -r**3/3 - r**2 - 3*r + 10. Let f be 7/(140/120) + -10. What is v(f)?
-11
Let o(j) = -j**2 + 3*j + 35. Let h be o(7). Let n(g) be the second derivative of -2*g**3/3 - 3*g**2/2 + 29*g. What is n(h)?
-31
Let k(q) be the first derivative of -1/2*q**2 - q**3 - q - 30. Calculate k(-2).
-11
Let b be -13 + -2 - (-864)/96. Let p(k) be the third derivative of k**4/8 + k**3/3 + 7*k**2. What is p(b)?
-16
Suppose -j = -0*j + 1. Let p(m) = -m - 1. Suppose -39*t = -114*t + 375. Let c(i) = -6*i - 5. Let x(q) = j*c(q) + t*p(q). Give x(3).
3
Let p(u) = -7*u + 446 - 887 + 445. Let n(d) = -3*d + 3. Let z(s) = -10*n(s) + 4*p(s). Give z(8).
2
Let r be ((-8)/(3 - 1))/2. Let o = r + 7. Let q(g) = 98*g - 199*g + 100*g. What is q(o)?
-5
Let q(x) be the third derivative of x**5/60 + 11*x**4/24 - 6*x**3 + 31*x**2 + 19*x. Give q(-15).
24
Suppose 5*d + 35 = 5*r, -104*d = -107*d - 4*r. Let f(l) = l**2 - 8. What is f(d)?
8
Let c(t) = 2*t**2 + 5*t + 2. Let n(f) = -2*f**2 - 54*f - 308. Let g be n(-8). Give c(g).
14
Let t(w) be the first derivative of w**7/840 - w**6/36 - w**5/10 + w**4/24 - w**3/3 + 18*w + 224. Let i(d) be the third derivative of t(d). Determine i(11).
-10
Let t be 7/((-6 - -7)*1). Suppose 0 = 27*m + t + 20. Let y(s) = 13*s**3 + s**2 - s - 1. What is y(m)?
-12
Let a(o) = o - 5. Suppose 0 = -5*v + 102 - 72. Let q be v/10 - (-330)/75. Give a(q).
0
Suppose 4*g = 3*s + 16, -2*g - 19*s = -20*s - 10. Suppose -g*b = 146 + 8. Let w(a) = -2*a - 39. Give w(b).
5
Let p(b) = -14*b - 2. Let l = 352 - 354. Let w(o) = 29*o + 3. Let i(f) = -30*f - 2. Let q(c) = 2*i(c) + 3*w(c). Let a(k) = l*q(k) - 5*p(k). What is a(1)?
16
Suppose -5*f = -3*h + 4, -483*h = -484*h + f. Let v(a) = -3*a**3 - 7. Give v(h).
17
Let n(c) = -c**2 + 4. Let o(q) = -q**2 + 17*q - 55. Let p be o(15). Let l be 15/p*-5 - 6. Calculate n(l).
-5
Let g(n) = -4*n - 3 - 3 - 9 + 17 - 3 + 26*n**2. What is g(-1)?
29
Suppose -2*t - 5*d - 40 = 0, 0*d + 100 = -5*t - 3*d. Let i = 22 + t. Let n(s) = 0 - 4 - i + 2 + s. Calculate n(-3).
-7
Let u = 178 + 447. Let z be (-2)/8 - u/(-100). Let b(h) = -z*h + 19 - 12 - 6. Determine b(-1).
7
Let i = 214 - 194. Suppose -i*c + 12*c - 56 = 0. Let h(p) = -p**2 - 7*p - 7. Calculate h(c).
-7
Let g(s) = -2*s**3 - 2*s**2 + 1. Suppose 5*d - z + 13 - 63 = 0, -2*z - 1 = d. Let f be -3 + (d/(-12) - (-4)/(-16)). Let m = 3 + f. Determine g(m).
1
Let b be 16/(-56) + (7 - 820/70). Let c(s) = -s**3 - 11*s**2 - 29*s. What is c(b)?
-5
Let u(l) be the third derivative of 11*l**7/5040 - l**6/720 + 23*l**5/20 + 42*l**2. Let p(y) be the third derivative of u(y). Calculate p(-1).
-12
Let f(i) be the second derivative of -1/6*i**3 - 5/2*i**2 - i + 2. Suppose 10 = -3*l - 5*y, -5*l + 0*y = 2*y + 23. Give f(l).
0
Let b(t) = 700460 - 2*t**2 + 5*t + 0*t - 4*t - 700448 - 3*t. Give b(-5).
-28
Suppose 2*k - 24 = u + 27, 21 = k + 4*u. Suppose 13*v = -k - 40. Let f(o) = 1 + 5*o**2 - 3*o**2 + o**3 + 3*o**2 + 2*o. Give f(v).
-9
Let r = -4330 + 4338. Let g(p) = -p**3 + 8*p**2 + p + 14. Determine g(r).
22
Suppose -2*z + 12 = -10. Suppose -2*u - z + 13 = 0. Let t(l) = 7*l**3 - u + 6*l**3 + 3*l**2 + 2*l - 14*l**3. Calculate t(4).
-9
Let n(m) = 2*m**2 + 63*m + 177. Let t = 23724 + -23727. Determine n(t).
6
Suppose 3*t - 25 = -2*d, -15*d = -13*d - 4*t + 10. Let k(w) = -11*w + 52. Calculate k(d).
-3
Let q(d) = d + 9. Let v(i) = -i**2 + 4*i + 20. Let b be v(7). Let t be (2 + b)/((-4)/(-32)). What is q(t)?
17
Let p(w) = 7*w**2 + 2*w + 1. Let j be p(-1). Let r(b) be the first derivative of -3*b**2/2 + 21*b - 4129. Calculate r(j).
3
Let i = 87 + -85. Let r(h) = -46*h**2 - 3 - h + 45*h**i + h. Give r(3).
-12
Let x be (20/(-60))/((-2)/36)